{"id":16686,"date":"2020-11-23T11:22:54","date_gmt":"2020-11-23T11:22:54","guid":{"rendered":"https:\/\/focusinthefuture.org\/?post_type=wpsl_stores&#038;p=16686"},"modified":"2020-11-23T11:22:54","modified_gmt":"2020-11-23T11:22:54","slug":"kenge-dhe-valle-te-treves-se-beratit","status":"publish","type":"wpsl_stores","link":"https:\/\/focusinthefuture.org\/en\/stores\/kenge-dhe-valle-te-treves-se-beratit\/","title":{"rendered":"K\u00ebng\u00eb dhe valle t\u00eb trev\u00ebs s\u00eb Beratit"},"content":{"rendered":"<p><img loading=\"lazy\" decoding=\"async\" class=\"alignnone  wp-image-16687\" src=\"https:\/\/focusinthefuture.org\/wp-content\/uploads\/2020\/11\/26167092_2021688131445498_6603148253793376812_n-300x214.jpg\" alt=\"\" width=\"283\" height=\"202\" srcset=\"https:\/\/focusinthefuture.org\/wp-content\/uploads\/2020\/11\/26167092_2021688131445498_6603148253793376812_n-300x214.jpg 300w, https:\/\/focusinthefuture.org\/wp-content\/uploads\/2020\/11\/26167092_2021688131445498_6603148253793376812_n-768x547.jpg 768w, https:\/\/focusinthefuture.org\/wp-content\/uploads\/2020\/11\/26167092_2021688131445498_6603148253793376812_n-700x499.jpg 700w, https:\/\/focusinthefuture.org\/wp-content\/uploads\/2020\/11\/26167092_2021688131445498_6603148253793376812_n-600x427.jpg 600w, https:\/\/focusinthefuture.org\/wp-content\/uploads\/2020\/11\/26167092_2021688131445498_6603148253793376812_n.jpg 852w\" sizes=\"(max-width: 283px) 100vw, 283px\" \/><img loading=\"lazy\" decoding=\"async\" class=\"alignnone size-medium wp-image-16688\" src=\"https:\/\/focusinthefuture.org\/wp-content\/uploads\/2020\/11\/22405876_1982973001983678_6718319349032575740_n-300x201.jpg\" alt=\"\" width=\"300\" height=\"201\" srcset=\"https:\/\/focusinthefuture.org\/wp-content\/uploads\/2020\/11\/22405876_1982973001983678_6718319349032575740_n-300x201.jpg 300w, https:\/\/focusinthefuture.org\/wp-content\/uploads\/2020\/11\/22405876_1982973001983678_6718319349032575740_n.jpg 600w\" sizes=\"(max-width: 300px) 100vw, 300px\" \/><img loading=\"lazy\" decoding=\"async\" class=\"alignnone  wp-image-16689\" src=\"https:\/\/focusinthefuture.org\/wp-content\/uploads\/2020\/11\/120723490_2814186328862337_301915965872510405_o-300x138.jpg\" alt=\"\" width=\"434\" height=\"200\" srcset=\"https:\/\/focusinthefuture.org\/wp-content\/uploads\/2020\/11\/120723490_2814186328862337_301915965872510405_o-300x138.jpg 300w, https:\/\/focusinthefuture.org\/wp-content\/uploads\/2020\/11\/120723490_2814186328862337_301915965872510405_o-1024x470.jpg 1024w, https:\/\/focusinthefuture.org\/wp-content\/uploads\/2020\/11\/120723490_2814186328862337_301915965872510405_o-768x352.jpg 768w, https:\/\/focusinthefuture.org\/wp-content\/uploads\/2020\/11\/120723490_2814186328862337_301915965872510405_o-700x321.jpg 700w, https:\/\/focusinthefuture.org\/wp-content\/uploads\/2020\/11\/120723490_2814186328862337_301915965872510405_o-600x275.jpg 600w, https:\/\/focusinthefuture.org\/wp-content\/uploads\/2020\/11\/120723490_2814186328862337_301915965872510405_o.jpg 1232w\" sizes=\"(max-width: 434px) 100vw, 434px\" \/><img loading=\"lazy\" decoding=\"async\" class=\"alignnone size-medium wp-image-16690\" src=\"https:\/\/focusinthefuture.org\/wp-content\/uploads\/2020\/11\/qyprillinjte_kartevizite-300x194.png\" alt=\"\" width=\"300\" height=\"194\" srcset=\"https:\/\/focusinthefuture.org\/wp-content\/uploads\/2020\/11\/qyprillinjte_kartevizite-300x194.png 300w, https:\/\/focusinthefuture.org\/wp-content\/uploads\/2020\/11\/qyprillinjte_kartevizite-400x260.png 400w, https:\/\/focusinthefuture.org\/wp-content\/uploads\/2020\/11\/qyprillinjte_kartevizite-500x325.png 500w, https:\/\/focusinthefuture.org\/wp-content\/uploads\/2020\/11\/qyprillinjte_kartevizite.png 502w\" sizes=\"(max-width: 300px) 100vw, 300px\" \/><\/p>\n<p>&nbsp;<\/p>\n<p>Shoqata &#8220;Qyprillinjt\u00eb e Roshnikut&#8221;<\/p>\n<p>Shoqata Kulturore Artistike e Trev\u00ebs se Beratit, \u00abQyprillinjt\u00eb e Roshnikut \u00bb, u krijua n\u00eb vitin 2009 n\u00eb qytetin e Beratit nga k\u00ebng\u00ebtar\u00eb,instrumentist\u00eb dhe vullnetar\u00eb. Ajo drejtohet nga z. Fitim Mimani, mjesht\u00ebr i k\u00ebng\u00ebs dhe valles popullore prej shum\u00eb vitesh. Kjo shoqat\u00eb prezanton k\u00ebng\u00ebt e vallet e trev\u00ebs se Beratit dhe bashk\u00ebpunon me artist\u00eb e grupe lokale, komb\u00ebtare e nd\u00ebrkomb\u00ebtare \u00a0 . SH.K.A &#8221; Qyprillinjt\u00eb e Roshnikut &#8221; ka paraqitur folklorin e trev\u00ebs s\u00eb Beratit n\u00eb festivale t\u00eb ndryshme komb\u00ebtare e nd\u00ebrkomb\u00ebtare dhe \u00ebsht\u00eb vler\u00ebsuar me \u00e7mime t\u00eb ndryshme.<\/p>","protected":false},"excerpt":{"rendered":"<p>&nbsp; Shoqata &#8220;Qyprillinjt\u00eb e Roshnikut&#8221; Shoqata Kulturore Artistike e Trev\u00ebs se Beratit, \u00abQyprillinjt\u00eb e Roshnikut \u00bb, u krijua n\u00eb vitin 2009 n\u00eb qytetin e Beratit nga k\u00ebng\u00ebtar\u00eb,instrumentist\u00eb dhe vullnetar\u00eb. Ajo drejtohet nga z. Fitim Mimani, mjesht\u00ebr i k\u00ebng\u00ebs dhe valles popullore prej shum\u00eb vitesh. Kjo&#8230;<\/p>","protected":false},"author":1,"featured_media":0,"template":"","wpsl_store_category":[374],"_links":{"self":[{"href":"https:\/\/focusinthefuture.org\/en\/wp-json\/wp\/v2\/wpsl_stores\/16686"}],"collection":[{"href":"https:\/\/focusinthefuture.org\/en\/wp-json\/wp\/v2\/wpsl_stores"}],"about":[{"href":"https:\/\/focusinthefuture.org\/en\/wp-json\/wp\/v2\/types\/wpsl_stores"}],"author":[{"embeddable":true,"href":"https:\/\/focusinthefuture.org\/en\/wp-json\/wp\/v2\/users\/1"}],"version-history":[{"count":3,"href":"https:\/\/focusinthefuture.org\/en\/wp-json\/wp\/v2\/wpsl_stores\/16686\/revisions"}],"predecessor-version":[{"id":16692,"href":"https:\/\/focusinthefuture.org\/en\/wp-json\/wp\/v2\/wpsl_stores\/16686\/revisions\/16692"}],"wp:attachment":[{"href":"https:\/\/focusinthefuture.org\/en\/wp-json\/wp\/v2\/media?parent=16686"}],"wp:term":[{"taxonomy":"wpsl_store_category","embeddable":true,"href":"https:\/\/focusinthefuture.org\/en\/wp-json\/wp\/v2\/wpsl_store_category?post=16686"}],"curies":[{"name":"wp","href":"https:\/\/api.w.org\/{rel}","templated":true}]}}

Këngë dhe valle të trevës së Beratit

<p><img loading="lazy" decoding="async" class="alignnone  wp-image-16687" src="https://focusinthefuture.org/wp-content/uploads/2020/11/26167092_2021688131445498_6603148253793376812_n-300x214.jpg" alt="" width="283" height="202" srcset="https://focusinthefuture.org/wp-content/uploads/2020/11/26167092_2021688131445498_6603148253793376812_n-300x214.jpg 300w, https://focusinthefuture.org/wp-content/uploads/2020/11/26167092_2021688131445498_6603148253793376812_n-768x547.jpg 768w, https://focusinthefuture.org/wp-content/uploads/2020/11/26167092_2021688131445498_6603148253793376812_n-700x499.jpg 700w, https://focusinthefuture.org/wp-content/uploads/2020/11/26167092_2021688131445498_6603148253793376812_n-600x427.jpg 600w, https://focusinthefuture.org/wp-content/uploads/2020/11/26167092_2021688131445498_6603148253793376812_n.jpg 852w" sizes="(max-width: 283px) 100vw, 283px" /><img loading="lazy" decoding="async" class="alignnone size-medium wp-image-16688" src="https://focusinthefuture.org/wp-content/uploads/2020/11/22405876_1982973001983678_6718319349032575740_n-300x201.jpg" alt="" width="300" height="201" srcset="https://focusinthefuture.org/wp-content/uploads/2020/11/22405876_1982973001983678_6718319349032575740_n-300x201.jpg 300w, https://focusinthefuture.org/wp-content/uploads/2020/11/22405876_1982973001983678_6718319349032575740_n.jpg 600w" sizes="(max-width: 300px) 100vw, 300px" /><img loading="lazy" decoding="async" class="alignnone  wp-image-16689" src="https://focusinthefuture.org/wp-content/uploads/2020/11/120723490_2814186328862337_301915965872510405_o-300x138.jpg" alt="" width="434" height="200" srcset="https://focusinthefuture.org/wp-content/uploads/2020/11/120723490_2814186328862337_301915965872510405_o-300x138.jpg 300w, https://focusinthefuture.org/wp-content/uploads/2020/11/120723490_2814186328862337_301915965872510405_o-1024x470.jpg 1024w, https://focusinthefuture.org/wp-content/uploads/2020/11/120723490_2814186328862337_301915965872510405_o-768x352.jpg 768w, https://focusinthefuture.org/wp-content/uploads/2020/11/120723490_2814186328862337_301915965872510405_o-700x321.jpg 700w, https://focusinthefuture.org/wp-content/uploads/2020/11/120723490_2814186328862337_301915965872510405_o-600x275.jpg 600w, https://focusinthefuture.org/wp-content/uploads/2020/11/120723490_2814186328862337_301915965872510405_o.jpg 1232w" sizes="(max-width: 434px) 100vw, 434px" /><img loading="lazy" decoding="async" class="alignnone size-medium wp-image-16690" src="https://focusinthefuture.org/wp-content/uploads/2020/11/qyprillinjte_kartevizite-300x194.png" alt="" width="300" height="194" srcset="https://focusinthefuture.org/wp-content/uploads/2020/11/qyprillinjte_kartevizite-300x194.png 300w, https://focusinthefuture.org/wp-content/uploads/2020/11/qyprillinjte_kartevizite-400x260.png 400w, https://focusinthefuture.org/wp-content/uploads/2020/11/qyprillinjte_kartevizite-500x325.png 500w, https://focusinthefuture.org/wp-content/uploads/2020/11/qyprillinjte_kartevizite.png 502w" sizes="(max-width: 300px) 100vw, 300px" /></p>
<p>&nbsp;</p>
<p>Shoqata &#8220;Qyprillinjtë e Roshnikut&#8221;</p>
<p>Shoqata Kulturore Artistike e Trevës se Beratit, «Qyprillinjtë e Roshnikut », u krijua në vitin 2009 në qytetin e Beratit nga këngëtarë,instrumentistë dhe vullnetarë. Ajo drejtohet nga z. Fitim Mimani, mjeshtër i këngës dhe valles popullore prej shumë vitesh. Kjo shoqatë prezanton këngët e vallet e trevës se Beratit dhe bashkëpunon me artistë e grupe lokale, kombëtare e ndërkombëtare   . SH.K.A &#8221; Qyprillinjtë e Roshnikut &#8221; ka paraqitur folklorin e trevës së Beratit në festivale të ndryshme kombëtare e ndërkombëtare dhe është vlerësuar me çmime të ndryshme.</p>

<p>&nbsp; Shoqata &#8220;Qyprillinjtë e Roshnikut&#8221; Shoqata Kulturore Artistike e Trevës se Beratit, «Qyprillinjtë e Roshnikut », u krijua në vitin 2009 në qytetin e Beratit nga këngëtarë,instrumentistë dhe vullnetarë. Ajo drejtohet nga z. Fitim Mimani, mjeshtër i këngës dhe valles popullore prej shumë vitesh. Kjo&#8230;</p>
